) + -17 + (0 - -2)?
-8
-5 + (0 - -5) + 5
5
What is the value of 0 + -1 + 7 + (1 - 13)?
-6
Evaluate 3 + -10 + 5 + -1 + 2.
-1
-6 + -1 - (77 - 83)
-1
Calculate 1 + -2 + 4 + 7 - 5.
5
Evaluate -2 - (-2 - 3) - 5.
-2
-7 + 6 + 6 + (-7 - -2)
0
What is the value of (-7 + (-8 - -11) - -1) + 4?
1
Calculate 5 + 0 + -2 + 8 + -3.
8
Calculate (1 - 0 - (-18 + 12)) + -5.
2
Evaluate (4 - -2) + (2 - (-6 - -10)).
4
Calculate 4 - 0 - (0 + 5).
-1
11 + (-13 - 0) + 5
3
Evaluate -1 - (8 - 7) - -1 - 0.
-1
What is the value of 11 - 4 - (-2 - -4)?
5
Calculate 0 + (-4 - (-5 + -6 + 6)).
1
What is 1 - (-4 + (10 - 1) + 0)?
-4
What is the value of -4 + 0 - -3 - -6?
5
What is 2 - ((8 - 6) + 0)?
0
Evaluate (2 - 7) + 13 + -8.
0
7 + -15 + 1 - -10
3
-3 - -7 - (3 - 0)
1
What is the value of 2 + -2 - (1 - -1) - -2?
0
Calculate 6 - (-4 - -13 - (1 + 7)).
5
Calculate -5 - (-1 + 4 + -3 + -2).
-3
-5 - -1 - (-8 - -6) - 1
-3
Calculate -1 - (3 + 0) - -3.
-1
-4 + (5 - 7 - 1) + 4
-3
What is -7 + 1 - (6 + -13 + 4)?
-3
Evaluate (-1 - (-1 + 0)) + 5 + 0.
5
Calculate -2 + 3 - 2 - (-53 + 52).
0
What is the value of 9 + -6 + (0 - 5)?
-2
What is 9 + 5 + -7 + -1 + 3?
9
Evaluate -68 + 67 + (6 - 1) + 2.
6
8 - (-7 + 7 + 7)
1
What is -1 + -11 - (-16 - (-3 - 7))?
-6
What is -1 + 0 + -2 - (7 - 6)?
-4
What is 2 + -6 - (6 + -5 - 0)?
-5
What is the value of 16 + -13 + -1 + 3?
5
Evaluate -9 + 7 + 4 + 2.
4
Calculate 58 + -61 - (2 + (0 - 1)).
-4
-4 - ((4 - -1 - 9) + 2)
-2
Calculate (-3 - 0) + 5 + 2.
4
What is the value of (-3 - -6) + 0 + -1?
2
Evaluate -31 + 15 - -12 - (3 - 1).
-6
Calculate -4 + (4 - ((-3 - -3) + 3)).
-3
Evaluate (5 - 2) + -6 - 0.
-3
-6 + 8 + 1 - -2
5
9 + -12 + -2 + 4
-1
What is 0 + -1 + (-7 - -3 - -2)?
-3
Evaluate -4 + -1 - (-5 + (4 - 1)).
-3
What is 1 + 1 + 3 + -5?
0
What is the value of 4 - (-1 - (-3 + -10))?
-8
Evaluate 8 + 0 - (1 - -2).
5
What is the value of 3 + -1 + (-4 - 0) + 1?
-1
What is the value of -11 + 2 - (-31 - -17)?
5
Calculate -1 + (2 - 4 - -1) - -2.
0
Evaluate 4 - (-1 + (4 - (2 + 0))).
3
What is the value of 7 + -2 + -3 - -2 - 13?
-9
What is 4 + (11 - (-2 + 9))?
8
Evaluate (-1 - -4 - 6 - 3) + 0.
-6
Calculate 3 - 1 - (2 + -2 - 1).
3
What is 0 - -6 - (8 + -5)?
3
Evaluate -5 + 1 - (-2 + (-16 - -9)).
5
What is -1 + (1 + 0 - (0 - -1))?
-1
What is -8 + -4 + 9 + -2?
-5
What is (1 - 2 - 1) + 3?
1
Calculate 9 + (-9 - -4) - -2 - 0.
6
-6 - -7 - (1 + -1) - 2
-1
0 + (-1 - 0) - -4 - -1
4
(7 - 0) + -1 + (-199 - -200)
7
4 - (4 + -13 + 5)
8
What is the value of 10 - (-9 - -19) - 3?
-3
What is the value of -14 + (15 - (-10 + 11))?
0
Calculate -14 + (4 - 4) - -7.
-7
What is the value of -3 - (-9 + (13 - 5))?
-2
What is 8 + (0 - (6 + 0 + -2))?
4
What is the value of 0 + 11 - 3 - 5?
3
Evaluate (2 - -4) + 2 + -3.
5
Evaluate 1 + 2 + (-36 - -32).
-1
What is -7 + (3 - (3 - 4))?
-3
What is the value of 14 - 9 - (2 - 1)?
4
What is (-4 - 0) + 13 + (1 - 6)?
4
(1 - (-1 + 7)) + (21 - 21)
-5
Calculate (-4 - (0 - -1) - -5) + 1.
1
What is -3 + 8 - (-9 - -4)?
10
Evaluate 84 - 81 - (-3 + 1).
5
What is -2 - -12 - (2 + 11)?
-3
What is 5 + 0 - (39 + -23) - -5?
-6
(2 - (-2 + 1)) + -3 + 5
5
What is 2 - (-2 + 6 + -4 - 1)?
3
What is -4 - -1 - 0 - (3 - 3)?
-3
(2 - -4) + (3 - 8)
1
Calculate (1 + -3 - -2) + 0 + 4.
4
Evaluate 4 + (4 - (-3 + (-5 - -11))).
5
Evaluate -1 + 5 + 1 + -3.
2
What is the value of -2 + 6 + 9 + -16?
-3
Calculate -8 + ((-9 - -20) + -5 - -9).
7
Calculate 3 - (-4 + 7) - 5.
-5
4 + 4 + -3 - 4
1
What is (-13 - -15) + (2 - 9)?
-5
Calculate 5 - 7 - (0 - (3 - -1)).
2
What is the value of -31 + 35 - ((0 - -2) + 1)?
1
Calculate (-7 - 0 - -7) + -1 + 0.
-1
What is (-23 + 22 - (-1 - 6)) + -12?
-6
What is 17 - 26 - (-8 - 0)?
-1
(-5 - -7) + -9 + 12
5
-3 - -10 - 16 - (2 - 7)
-4
What is 2 + 8 - (7 + -3 - 2)?
8
Evaluate -17 + 16 + (0 - -2) + 0.
1
What is the value of (8 - 0) + -31 + 27?
4
Evaluate (2 - 8) + -2 + 6.
-2
Evaluate (10 - 3) + (-17 - -1).
-9
What is 2 + (2 - 0) - (-10 + 7)?
7
What is the value of (0 - (2 - 0)) + 2?
0
0 - (-4 + -4 - (2 + -7))
3
Evaluate (-1 - -13) + -19 + 12.
5
What is the value of (-2 - 4 - -3) + 9?
6
(5 - 4 - 9) + 5
-3
What is -1 - -5 - (14 + -14 + 5)?
-1
Calculate (4 - 6) + -7 - -2.
-7
Calculate (4 - 3) + -9 + 2 - -3.
-3
What is 5 - ((-4 - -4) + -5 + 10)?
0
Evaluate 2 + (-4 - 5) + 5.
-2
Evaluate -4 + 5 + 6 + 0 + -2.
5
Evaluate -4 + -4 + (5 - -2).
-1
Calculate 2 - 9 - (-13 + 9).
-3
What is -5 - -1 - (-12 - (-2 + 0))?
6
What is the value of -1 - (-4 + (6 - (1 - -1)))?
-1
1 + -2 - (-4 - 2)
5
What is the value of -2 - -1 - (3 - (1 - -4))?
1
Evaluate 7 + 0 - ((-9 - -4) + 10).
2
What is the value of (1 - (1 + -3)) + 2?
5
Calculate -3 + 1 + -5 + (16 - 13).
-4
What is the value of -5 - 4 - (-14 - -7)?
-2
0 + (4 - 7) + 2
-1
1 + (1 - -2) - (18 - 21)
7
What is -4 + (6 - (-3 + 6) - 3)?
-4
What is 4 + 1 + 1 + -3?
3
What is the value of 3 + -9 - -14 - 5?
3
3 + -6 + -6 - -4
-5
(5 - (10 + -3)) + (8 - 7)
-1
What is the value of 4 + -8 - 2 - -7?
1
What is the value of 2 + (-3 - (2 + -6)) - 4?
-1
Calculate 4 + -7 - 0 - -7.
4
(11 - 6 - -12) + -9
8
Calculate -3 + 0 - (-12 - -10).
-1
What is the value of 20 - 7 - (18 + 2)?
-7
What is -3 - -1 - -1 - (-3 + 6)?
-4
Evaluate -1 + -4 + -13 + 10 + 5.
-3
What is (1 - (3 + 3)) + 59 + -44?
10
(5 - (2 - 2)) + -4
1
(-2 - (-4 - -5)) + -4
-7
What is 6 - ((-12 - -5) + 8)?
5
What is 0 - 2 - (8 + -2 + -5)?
-3
-1 - (-4 + 8 + -4)
-1
What is the value of -1 - (-14 + 3 + (3 - 1))?
8
-49 - -48 - (0 - 6)
5
Evaluate -3 - (3 + (-6 - -2)) - 3.
-5
(-5 - -1) + (8 - 5)
-1
What is 3 + -8 - (-1 + 1)?
-5
What is the value of 5 - ((3 - 4) + 2 + 0)?
4
Evaluate -12 + -8 + 10 + 12.
2
Calculate -4 + 2 + 4 + -8.
-6
Evaluate 1 + 2 - (12 + -14 - -2).
3
What is the value of -3 + (2 - 1 - -4 - 0)?
2
Calculate -6 - -7 - 3 - (-3 + 2).
-1
Evaluate -3 - (1 + 0) - -2.
-2
Calculate -2 + 0 - 2 - (2 + -5).
-1
1 - (2 + -5) - -1
5
4 - (2 + 0 + 4) - 0
-2
What is (6 - 2) + (-27 - -17)?
-6
Calculate 1 + 2 - 3 - (0 + 4).
-4
What is the value of 2 - (13 + (-22 - -15))?
-4
What is 1 + 2 + 1 - (6 - 6)?
4
Calculate 9 + 10 + 9 + -26.
2
Calculate 0 + -6 + 11 - 1.
4
-30 + 32 + 1 + -5
-2
What is 2 + (-2 + 5 - -1) + -5?
1
4 + 1 + -5 - (-23 + 16)
7
Calculate -2 - (0 + (4 - 2)).
-4
Evaluate (1 - 4) + 6 - 1.
2
What is -1 + 4 + -4 + -1?
-2
Evaluate (-10 + 19 - 13) + 4.
0
What is the value of (1 - 1) + 26 + -26?
0
What is the value of 3 + (-9 - (3 - 6)) + 3?
0
Calculate (-6 - (2 - 18)) + -7.
3
2 + 6 + -3 + -1 + 0
4
What is the value of 5 - (-3 + (5 - -1)) - -3?
5
What is 13 - (6 + (4 - (-2 + 4)))?
5
Calculate 0 + (2 - (4 + -1) - 2).
-3
What is -1 + (1 - 6) + -1 + 3?
-4
What is 4 + (-1 - (-2 - -3))?
2
What is the value of 3 + -5 - (-14 - -6)?
6
Calculate 1 + 1 + -3 + (3 - 3).
-1
Calculate -3 + (-7 - -11) + -9.
-8
26 + -24 + -3 + 4
3
Evaluate -7 - ((5 - 10) + -2).
0
Calculate 6 + (4 - 7 - -1) - 5.
-1
(4 - 8) + 7 - 3
0
What is the value of -2 + (2 + 5 - 1)?
4
What is -12 - (-8 - -3) - -7?
0
(5 - 1) + (9 - -4) + -9
8
2 - (3 - (3 - -2))
4
Calculate -1 + (3 - -5) + -2.
5
Calculate -6 + 8 + (-10 - 0).
-8
(-2 + 1 - 1) + -14 + 11
-5
What is the value of (-12 + 11 - -10) + -9?
0
Evaluate (2 - 6) + (-1 - 1) + 1.
-5
Calculate -217 + 203 - (0 - 11).
-3
Evaluate 9 - (-2 - (7 - 11)).
7
What is -2 + -5 + (34 - 34)?
-7
What is -7 + 4 + 4 + 1?
2
Calculate -3 - (-11 - -4 - 0).
4
Evaluate -5 + 0 + (-2 - -12).
5
6 - (-5 - (-29 + 12))
-6
-8 - (-7 + -4) - 6
-3
What is the value of 9 - (1 + 3) - 6?
-1
Calculate (-58 - -53) + 1 + 6.
2
What is (-5 - -5 - -3) + 3?
6
Evaluate -34 - -32 - (-2 - -1).
-1
Calculate -1 + 5 - (14 - 14).
4
What is 5 - (11 - (2 - -2))?
-2
Evaluate -4 + (6 - 2 - (-6 + 10)).
-4
Calculate -12 + 8 - 1 - 1.
-6
4 - (-3 + 4) - (-1 - -3)
1
Calculate 2 + -5 + (-2 - 0 - -3).
-2
What is -2 - (2 + -5 + 0 + 2)?
-1
What is (4 - -6) + -3 - 3?
4
Calculate -6 - (-13 + -9) - 10.
6
Evaluate (-10 - 0) + (12 - 19) + 11.
-6
Evaluate 12 + (-5 + -4 - 0).
3
Calculate 10 + -17 + 5 + -3.
-5
4 - (0 - (1 + -2))
3
-5 - (-8 - 1 - (-8 + 6))
2
-1 - (5 - (6 - -3))
3
What is 21 - 19 - (-1 - -9)?
-6
Calculate (5 - (7 + -8)) + 2.
8
What is -4 + -1 + 7 + -5?
-3
(10 - (11 + 10)) + 14
3
What is (19 - (-8 + 16)) + (-2 - 0)?
9
Evaluate 2 - (-21 - -7 - -19).
-3
What is 25 - 30 - (-1 - 7)?
3
-8 - (3 + -11 + 3 + 1)
-4
What is -2 + 0 + 2 - (31 - 25)?
-6
What is 2 - (-3 + (0